ors of 35488809.
3, 17, 37, 6269
List the prime factors of 1783561.
13, 137197
List the prime factors of 199115.
5, 7, 5689
List the prime factors of 5789514.
2, 3, 23, 41953
List the prime factors of 2327218.
2, 1163609
What are the prime factors of 5057724?
2, 3, 7, 19, 3169
What are the prime factors of 257517?
3, 13, 31, 71
List the prime factors of 1393344.
2, 3, 41, 59
List the prime factors of 30483680.
2, 5, 190523
List the prime factors of 1216496.
2, 76031
List the prime factors of 21262759.
7, 311, 9767
What are the prime factors of 265044?
2, 3, 13, 1699
What are the prime factors of 700476?
2, 3, 7, 31, 269
List the prime factors of 65560.
2, 5, 11, 149
What are the prime factors of 13892214?
2, 3, 7, 330767
What are the prime factors of 3350282?
2, 13, 128857
List the prime factors of 571348.
2, 142837
List the prime factors of 511872.
2, 3, 31, 43
List the prime factors of 2474419.
173, 14303
List the prime factors of 290680.
2, 5, 13, 43
List the prime factors of 2708298.
2, 3, 19, 7919
What are the prime factors of 3684980?
2, 5, 13, 14173
What are the prime factors of 3857289?
3, 1285763
What are the prime factors of 175793?
367, 479
List the prime factors of 314892.
2, 3, 8747
List the prime factors of 5207289.
3, 179, 9697
What are the prime factors of 1613240?
2, 5, 31, 1301
What are the prime factors of 4721561?
13, 251, 1447
List the prime factors of 226695.
3, 5, 7, 17, 127
List the prime factors of 6646594.
2, 71, 46807
What are the prime factors of 5391802?
2, 13, 207377
What are the prime factors of 1063797?
3, 7, 179, 283
What are the prime factors of 271198?
2, 135599
List the prime factors of 4079277.
3, 281, 1613
List the prime factors of 3134222.
2, 7, 13, 17, 1013
What are the prime factors of 24103?
24103
List the prime factors of 236809.
31, 7639
List the prime factors of 59078.
2, 109, 271
List the prime factors of 8717218.
2, 43, 101363
List the prime factors of 9460182.
2, 3, 53, 71, 419
List the prime factors of 51910.
2, 5, 29, 179
List the prime factors of 2822741.
2822741
List the prime factors of 3086458.
2, 1543229
List the prime factors of 3083525.
5, 123341
What are the prime factors of 111800?
2, 5, 13, 43
List the prime factors of 912325.
5, 36493
What are the prime factors of 271482?
2, 3, 45247
What are the prime factors of 38196944?
2, 29, 191, 431
What are the prime factors of 205663?
205663
What are the prime factors of 16316856?
2, 3, 75541
List the prime factors of 116165.
5, 7, 3319
List the prime factors of 2237400.
2, 3, 5, 11, 113
List the prime factors of 8453901.
3, 2817967
What are the prime factors of 8200973?
11, 745543
List the prime factors of 63930.
2, 3, 5, 2131
List the prime factors of 720245.
5, 23, 6263
What are the prime factors of 708714?
2, 3, 39373
List the prime factors of 59785.
5, 11, 1087
What are the prime factors of 2577634?
2, 1288817
List the prime factors of 405496.
2, 7, 13, 557
List the prime factors of 3554672.
2, 11, 19, 1063
What are the prime factors of 44059975?
5, 1762399
What are the prime factors of 148065?
3, 5, 9871
List the prime factors of 22264964.
2, 5566241
List the prime factors of 11421888.
2, 3, 19, 31, 101
List the prime factors of 570856.
2, 11, 13, 499
List the prime factors of 1691793.
3, 62659
List the prime factors of 50316.
2, 3, 7, 599
List the prime factors of 1816007.
1816007
What are the prime factors of 368577?
3, 11, 17, 73
List the prime factors of 20294639.
61, 332699
List the prime factors of 788408.
2, 139, 709
List the prime factors of 19836055.
5, 863, 4597
List the prime factors of 18070941.
3, 7, 307, 2803
List the prime factors of 9936875.
5, 13, 1223
What are the prime factors of 6107955?
3, 5, 7, 58171
What are the prime factors of 3247179?
3, 13, 139, 599
What are the prime factors of 965642?
2, 29, 16649
What are the prime factors of 339485?
5, 43, 1579
What are the prime factors of 243460?
2, 5, 7, 37, 47
List the prime factors of 99048.
2, 3, 4127
What are the prime factors of 2447418?
2, 3, 463, 881
List the prime factors of 3567.
3, 29, 41
What are the prime factors of 497791?
7, 10159
What are the prime factors of 394284?
2, 3, 11, 29, 103
What are the prime factors of 1257976?
2, 157247
What are the prime factors of 5102999?
11, 53, 8753
List the prime factors of 3830429.
3830429
What are the prime factors of 7657393?
1699, 4507
What are the prime factors of 2278196?
2, 23, 24763
List the prime factors of 505302.
2, 3, 7, 53, 227
List the prime factors of 22012665.
3, 5, 1467511
What are the prime factors of 584026?
2, 43, 6791
What are the prime factors of 931373?
641, 1453
List the prime factors of 21367.
23, 929
List the prime factors of 3214708.
2, 7, 29, 37, 107
What are the prime factors of 160610?
2, 5, 16061
What are the prime factors of 20431636?
2, 23, 337, 659
What are the prime factors of 158419?
158419
List the prime factors of 3566597.
239, 14923
What are the prime factors of 862049?
19, 59, 769
What are the prime factors of 165681?
3, 41, 449
What are the prime factors of 17303756?
2, 17, 19, 59, 227
What are the prime factors of 246113?
7, 35159
What are the prime factors of 319476?
2, 3, 79, 337
List the prime factors of 142096.
2, 83, 107
List the prime factors of 184208.
2, 29, 397
What are the prime factors of 6394518?
2, 3, 13, 9109
List the prime factors of 970656.
2, 3, 10111
List the prime factors of 11252627.
43, 167, 1567
List the prime factors of 24298752.
2, 3, 29, 1091
What are the prime factors of 343993?
13, 47, 563
List the prime factors of 5239392.
2, 3, 54577
List the prime factors of 1233048.
2, 3, 83, 619
List the prime factors of 1385901.
3, 11, 13999
What are the prime factors of 365666?
2, 7, 26119
List the prime factors of 2864803.
31, 92413
List the prime factors of 1146789.
3, 7, 109, 167
List the prime factors of 163733.
163733
List the prime factors of 36156.
2, 3, 23, 131
What are the prime factors of 2918575?
5, 11, 10613
What are the prime factors of 6068042?
2, 229, 13249
What are the prime factors of 43012?
2, 10753
What are the prime factors of 115333?
29, 41, 97
What are the prime factors of 187422?
2, 3, 31237
What are the prime factors of 2338977?
3, 779659
What are the prime factors of 1865208?
2, 3, 23, 31, 109
What are the prime factors of 8986843?
8986843
List the prime factors of 242328.
2, 3, 23, 439
What are the prime factors of 666267?
3, 7, 31727
What are the prime factors of 832520?
2, 5, 13, 1601
List the prime factors of 233519.
11, 13, 23, 71
List the prime factors of 3407997.
3, 1135999
List the prime factors of 2880323.
463, 6221
List the prime factors of 119018.
2, 59509
List the prime factors of 241353.
3, 7, 1277
List the prime factors of 4294263.
3, 1431421
List the prime factors of 2602729.
31, 113, 743
List the prime factors of 180955.
5, 36191
What are the prime factors of 165168?
2, 3, 31, 37
List the prime factors of 11604222.
2, 3, 7, 379
What are the prime factors of 209466?
2, 3, 431
What are the prime factors of 32810780?
2, 5, 1640539
What are the prime factors of 308491?
308491
What are the prime factors of 9155445?
3, 5, 13, 29, 1619
What are the prime factors of 2638547?
1553, 1699
What are the prime factors of 8771733?
3, 108293
What are the prime factors of 108165?
3, 5, 7211
What are the prime factors of 467538?
2, 3, 29, 2687
What are the prime factors of 159530?
2, 5, 7, 43, 53
List the prime factors of 1143114.
2, 3, 7, 17, 1601
What are the prime factors of 12491757?
3, 41, 97, 349
What are the prime factors of 18394475?
5, 11, 66889
What are the prime factors of 1248428?
2, 312107
List the prime factors of 27519730.
2, 5, 7, 23, 17093
What are the prime factors of 116153?
41, 2833
List the prime factors of 94458.
2, 3, 7, 13, 173
List the prime factors of 1776161.
41, 43321
What are the prime factors of 197212?
2, 47, 1049
What are the prime factors of 4568014?
2, 11, 89, 2333
What are the prime factors of 746017?
746017
What are the prime factors of 927302?
2, 79, 5869
What are the prime factors of 1734940?
2, 5, 223, 389
What are the prime factors of 2147346?
2, 3, 119297
List the prime factors of 951695.
5, 190339
What are the prime factors of 793897?
13, 173, 353
List the prime factors of 111757.
23, 43, 113
